 10 = 0. Let m = l - 15. Suppose -m*x + 61 = z, -2*x = 5*z - x - 260. Is z composite?
True
Suppose 7*b - 16252 = 7863. Suppose -59*u + 54*u + b = 0. Is u prime?
False
Let c = 23 - 8. Let p be ((-117)/c + 3)*35. Is p/(-5) + 3/(-5) composite?
True
Let n(m) = 37*m**2 + 19*m + 41. Is n(-6) prime?
True
Let b(d) = -30*d - 593. Let j be b(-18). Suppose p - 2*w + 169 = 2*p, 5*p + 4*w - 815 = 0. Let r = j + p. Is r a prime number?
False
Suppose -3*n + 6528 = 3*q, 4*q - 4 = 2*q. Is n composite?
True
Let d be (0 - (-3 + 1))*302. Suppose d = 2*o - 222. Is o a prime number?
False
Suppose -8*d + 42 = -5*d. Let y = 8 - d. Is 158/y*(-30)/10 prime?
True
Let t be -152 + (12/30 - (-4)/(-10)). Let r = 310 + t. Is r prime?
False
Let x be 154 + -3 + 3 + -3. Let r(n) = n**3 + 4*n**2 - 6*n - 4. Let c be r(-4). Suppose z + 207 = 2*f, -5*z = f + c - x. Is f prime?
False
Suppose -4*i - 20 = -8*i. Suppose 5*u - i*b = -0*u + 4450, 4432 = 5*u + b. Suppose 3*r = 6*r - 2*o - u, 2*r = -4*o + 586. Is r a composite number?
True
Let n = 131467 + -73447. Suppose 5*b + n = 5*z, -2*b = -b + 5. Is z composite?
True
Suppose 2*n + n - 75 = 0. Suppose -5*t + n = 3*y + 190, 0 = -4*y - 5*t - 220. Let v = 138 + y. Is v composite?
False
Is 2/(-9 - -7)*-33457 composite?
False
Is (8538/36*3)/(1/2) a composite number?
False
Let y = 9002 + -3105. Is y a composite number?
False
Suppose 8 = d - 5. Let g(b) be the third derivative of -b**6/120 + b**5/5 + 19*b**4/24 - 11*b**3/6 + 6*b**2. Is g(d) prime?
True
Let s(c) = 19*c + 5 - 2 - 48*c - 38*c. Is s(-10) a composite number?
False
Let a(m) = m**2 - 3*m. Let k be a(3). Suppose 4*f - 408 = -k*f. Let g = f + -49. Is g a prime number?
True
Suppose -31*w + 34*w = -56337. Is (12/(-66))/1 + w/(-11) composite?
True
Let q = 6300 - -11173. Is q prime?
False
Suppose 6*z - 39 = 21. Is 80/32*3704/z composite?
True
Suppose y = -0*y - 9. Let p = y + 55. Is p a prime number?
False
Suppose -4*j - 7302 = -2*q, 8*q - 9*q + 3655 = -4*j. Is q a prime number?
False
Suppose 0*j - t + 103637 = 4*j, 5*t = 5. Is j a prime number?
False
Let a be (0/((-6)/(-2 + 0)))/(-2). Suppose 5*k - 187 - 7728 = a. Is k a composite number?
False
Let a(j) = -j**3 + j**2 + 4*j + 25243. Let c be a(0). Suppose -4329 = -k + 2*u, -4*k - 3*u + c - 7938 = 0. Is k a prime number?
True
Is (191811/204)/(2/8) a prime number?
True
Is 2603 + (-9 - (-15 + 7)) prime?
False
Let h(g) = 3*g + 3. Let a(l) = l + 2. Let u be a(4). Is h(u) prime?
False
Let x(p) = -p**3 - 7*p**2 - 7*p - 5. Let w be x(-6). Is ((-66)/99)/(w - (-1013)/(-1011)) prime?
True
Let z = -11 + 14. Suppose -s + z*s = 5*i - 1525, 634 = 2*i + 4*s. Is i a composite number?
False
Let p(l) = 184*l**2 + 5*l + 8. Let h be p(-4). Let c = h + -1943. Is c composite?
True
Suppose -h + 2*w = -0*w - 2208, -h + 2199 = w. Suppose 4*b = 3386 + h. Is b prime?
False
Let p(z) = 899*z**2 - 12*z - 1. Is p(2) composite?
False
Let f = -111 + 164. Suppose -4*o + 5*o + f = 0. Let x = o - -146. Is x composite?
True
Let d be 336/189 + (-4)/(-18). Is (d + 0)/((-3)/(-381)) + 3 prime?
True
Suppose 3*m = 2*r - 12, 0 = -4*r - 2*m - 3*m - 20. Is (0 - 983)/((-6)/(r + 6)) a prime number?
True
Suppose -434639 + 39983 = 12*u. Is (15/(-60))/(2 - (-65778)/u) composite?
False
Let c = -35 + 38. Let w(b) = 25*b**3 + 4*b**2 - 3*b - 1. Is w(c) a prime number?
True
Suppose 77985 = 10*t - t. Is t composite?
True
Suppose 9*h = 54250 + 8741. Is h prime?
False
Let k = -3543 + 5950. Is k a composite number?
True
Suppose -4*l + 339 = 5*v - 208, 5*l + 565 = 5*v. Let f = 442 - v. Is f prime?
True
Suppose -25*m + 9633 + 8942 = 0. Is m composite?
False
Let p(f) = 3*f**2 - f + 9. Let d be p(-4). Suppose 0 = 4*j + d + 23. Is 11/(-3 - j/6) prime?
False
Suppose -3*t + 29 - 29 = 0. Suppose -2*x + 140 + 674 = t. Is x a composite number?
True
Suppose 33797 = 5*g + 4*i, 192*i + 27042 = 4*g + 193*i. Is g composite?
False
Let n = -4861 - -12938. Is n a composite number?
True
Let s(q) = 51*q - 43. Is s(10) a prime number?
True
Let x = 2214 + 299. Is x prime?
False
Let f(y) = 2*y**2 + 5*y + 9. Let o(r) = 3*r + 4. Let b be o(-6). Is f(b) a composite number?
False
Let t = 78 - 21. Suppose c = 2*d - 258, c + t = d - 74. Is d composite?
False
Suppose 0 = s - 3*m - 8989, 2*s + 0*s - 5*m = 17978. Is s composite?
True
Suppose 5*z = -3*y + 77, -2*z + 5*z - 23 = -y. Suppose 5*k = -3*l + y - 0, 0 = -5*l + 15. Suppose -570 = -k*f - 146. Is f composite?
True
Suppose -4*h = -2*m + 6*m - 68, 5*m = -2*h + 73. Suppose 12568 + 12535 = m*t. Is t composite?
False
Is 1/((-4 + 0)/(-14956)) a prime number?
True
Suppose 2*x = -0 + 10. Suppose x*a + 5645 = 4*v + 4*a, -4235 = -3*v + 2*a. Is v prime?
False
Suppose -49*g + 158081 = -38*g. Is g a prime number?
False
Let d be 2/7*(526 + -29). Suppose a - 977 = -d. Is a a composite number?
True
Suppose -x - 4 = 0, 2*x - 1035 = -3*r + 595. Suppose -r - 409 = -5*h. Is h a composite number?
False
Let k(z) = 360*z - 106. Is k(74) a composite number?
True
Suppose -6046 = 2*b - 17060. Is b a composite number?
False
Let a be (-2 + 6)*10*-1. Let w = 167 + a. Is w a prime number?
True
Let a be (-7 - -3)/(-4) - -3. Suppose -a*p + 3 = -3*p. Is ((-163)/p)/((-11)/33) a composite number?
False
Let j be -2 + (1320 + 2)*1. Suppose 6*w + j = 2*w. Let a = -77 - w. Is a a prime number?
False
Let z(q) = 2*q**3 - 2*q**2 - 3*q + 2. Let g be z(2). Suppose -18 = g*i + 2, i = 5*n - 750. Is n prime?
True
Suppose 9*a = 10*a - 18097. Is a prime?
True
Suppose -4*d + z = -2839, d = -0*z + 3*z + 707. Suppose 2*f + f = -y + d, -1 = -f. Is y a prime number?
False
Let l(s) be the third derivative of 239*s**4/24 - s**3/3 - 6*s**2. Is l(1) composite?
True
Let r be -4 + (3 - 2) - 31*-1. Let l = -25 + r. Is l prime?
True
Let n(l) = l**3 - 4*l**2 - 8*l + 7. Let z be n(5). Is (202/z)/((-1)/8) a prime number?
False
Suppose -5343 = -3*g + g - q, g + q - 2672 = 0. Is g a composite number?
False
Let v be -2 - ((-2 - 0) + 0). Suppose -12 = -v*p - 4*p. Suppose 0 = -p*f - 2*a + 177, -6*a + 59 = f - 3*a. Is f prime?
True
Let g(j) = 54*j**2 - 47. Is g(9) a composite number?
False
Let a(z) = -627*z - 1490. Is a(-16) a composite number?
True
Suppose k = -2*k. Suppose h + b + 90 = 0, 3*h + k*b = -4*b - 265. Is 1 - (6 + -3) - h prime?
False
Let q(f) = -3*f**2 + 2*f + 813. Suppose 0 = -2*h + u - 2*u + 1, -h = -3*u + 3. Is q(h) composite?
True
Let n(t) = -t - 1. Let u = -1 - 8. Let y be n(u). Suppose 0 = -y*l + 1748 - 484. Is l a composite number?
True
Suppose 324358 = 15*u - 246647. Is u composite?
True
Let b(o) = 97*o**2 + 3*o - 29. Let d be b(-6). Let t = -1382 + d. Is t a prime number?
True
Let y = 14166 - 5077. Is y a composite number?
True
Let f(t) = -t**3 - 6*t**2 + 3. Let h be f(-6). Let p be (-76)/(-57) + 2/h. Suppose -p*j - 208 = -1550. Is j a prime number?
False
Suppose 0 = 2*y + 55 - 2997. Is y a prime number?
True
Suppose 4*f + 36 = -3*l, -5*f - 29 - 13 = 3*l. Is ((-57)/38)/(0 + f/2708) prime?
True
Suppose 27*g - 20*g - 896 = 0. Suppose -3*y + 1219 = -g. Is y composite?
False
Let z = 13 - 16. Is (2/(-4))/(z/3786) composite?
False
Suppose 151 = -5*q - 19. Is (-19418)/q - 6/51 a prime number?
True
Is (3/(-6))/(15/30) - -1524 prime?
True
Let m = 2 + 3. Suppose -2*s - 3*s = -4*t + 771, m*t - s - 969 = 0. Let q = t + 41. Is q a prime number?
False
Suppose 4*o = -3*s + 1143, o = 2*o - 3*s - 297. Suppose -1359 = -2*d - 3*d - 2*u, -d + o = -5*u. Let w = d + -110. Is w a composite number?
False
Suppose 39*u - 1612 = 35*u. Let z = 1966 - u. Is z a composite number?
True
Let u(v) = -5*v - 9. Let d be u(-6). Let j = d + -15. Suppose -i + j*i - 470 = 0. Is i prime?
False
Let w(m) = 254*m**3 - 10*m**2 - 3*m + 13. Is w(4) a composite number?
False
Let r(y) = 430*y**2 + 13*y + 14. Is r(-5) a composite number?
True
Suppose 102999 = 2*o - 8697. Let x be (-4)/(-14) + o/91. Is (x/(-8))/(9/(-36)) composite?
False
Let l(p) = -3*p**2 + 7*p + 7. Let r be l(-7). Let s be (-3180)/(-5) + (-4 - 0). Let k = r + s. Is k a prime number?
True
Let z(u) be the second derivative of 13*u**4/12 + u**3/2 + u**2/2 + 9*u. Let f = -6 + 3. Is z(f) prime?
True
Let o = -13155 - -67406. Is o prime?
True
Suppose 0 = -t + 3*t - 3*s + 87, 4*t = -2*s - 166. Let k = 90 - t. Let o = k + 17. Is o composite?
False
Suppose -5*u + 468 = 3*j, -2*u + 183 = -3*j - 0*j. Suppose -